se 5.
1243
Convert 27dd (base 14) to base 11.
5334
What is -17053 (base 11) in base 15?
-71b1
Convert 10085 (base 10) to base 15.
2ec5
610 (base 16) to base 6
11104
What is 13503 (base 7) in base 6?
25010
5115 (base 13) to base 10
11172
1123000 (base 5) to base 12
b95b
Convert -1111101000 (base 2) to base 16.
-3e8
What is -2d5a (base 14) in base 6?
-101324
1212122 (base 4) to base 15
1e1e
What is -24a8 (base 14) in base 4?
-1210110
Convert -11222010 (base 3) to base 16.
-e25
Convert 27295 (base 11) to base 9.
58372
101011101 (base 2) to base 6
1341
What is -12010 (base 3) in base 4?
-2022
What is -1303 (base 6) in base 14?
-195
What is -1010001100001 (base 2) in base 4?
-1101201
What is 7177 (base 9) in base 10?
5254
Convert 182b (base 12) to base 4.
231203
212032 (base 4) to base 8
4616
What is -10632 (base 7) in base 9?
-3650
Convert 1356 (base 12) to base 7.
6330
What is 1333 (base 4) in base 6?
331
What is -307 (base 8) in base 7?
-403
What is 1011000100101 (base 2) in base 12?
3345
-131330 (base 4) to base 11
-1492
Convert 110001011101 (base 2) to base 3.
11100020
104451 (base 7) to base 6
221123
5072 (base 15) to base 8
41126
Convert 21561 (base 7) to base 14.
1da1
15f8 (base 16) to base 8
12770
-1222023 (base 4) to base 7
-25545
What is 31404 (base 5) in base 4?
200320
Convert -37a8 (base 11) to base 9.
-6718
What is 125 (base 13) in base 11?
172
Convert 100010111100 (base 2) to base 14.
b5a
What is 111101 (base 2) in base 8?
75
What is 10111000011 (base 2) in base 5?
21400
Convert 11001110000 (base 2) to base 9.
2231
What is -226 (base 15) in base 7?
-1263
What is 30811 (base 10) in base 16?
785b
What is 3986 (base 10) in base 15?
12ab
What is -222003 (base 4) in base 5?
-41231
Convert -11a61 (base 13) to base 7.
-163555
Convert -1659 (base 16) to base 14.
-2129
What is -261 (base 8) in base 10?
-177
What is -721 (base 8) in base 12?
-329
Convert -2222 (base 6) to base 9.
-635
-1001110110101 (base 2) to base 13
-23b1
-21036 (base 8) to base 3
-102222111
-12110 (base 3) to base 8
-223
Convert -14d (base 15) to base 9.
-361
What is 751 (base 11) in base 7?
2430
-4f55 (base 16) to base 9
-30765
-894 (base 11) to base 15
-4b6
-2134 (base 11) to base 12
-1770
-19a1 (base 13) to base 5
-110344
Convert -301010 (base 4) to base 3.
-11022022
-74d (base 15) to base 16
-670
What is -1030001 (base 4) in base 15?
-1695
13522 (base 7) to base 11
2856
What is 10010 (base 2) in base 7?
24
-10222130 (base 5) to base 12
-41877
What is -132330 (base 5) in base 9?
-7283
8b2 (base 13) to base 4
113121
What is 1026 (base 8) in base 6?
2250
1303013 (base 4) to base 16
1cc7
-253 (base 11) to base 15
-150
What is -202002010 (base 3) in base 16?
-392d
-40617 (base 8) to base 16
-418f
33324 (base 5) to base 7
6551
Convert -2001002 (base 3) to base 4.
-113033
-121101020 (base 3) to base 6
-131140
Convert 56352 (base 7) to base 14.
5299
22101021 (base 3) to base 11
4654
What is -272 (base 11) in base 2?
-101000001
2205 (base 6) to base 9
625
Convert 2243 (base 6) to base 12.
383
Convert 20101301 (base 4) to base 10.
33905
Convert -14442 (base 7) to base 13.
-1a88
-3179 (base 15) to base 6
-120240
Convert 517f (base 16) to base 13.
965b
What is -1431 (base 10) in base 8?
-2627
Convert -d82 (base 16) to base 12.
-2002
Convert -24341 (base 5) to base 10.
-1846
What is -25452 (base 6) in base 13?
-19a0
Convert 13068 (base 13) to base 14.
cbb0
What is -42b6 (base 13) in base 10?
-9275
-1210101221 (base 3) to base 12
-18507
What is 70 (base 9) in base 4?
333
Convert -110 (base 10) to base 3.
-11002
15fe (base 16) to base 5
140010
What is 175 (base 16) in base 5?
2443
Convert -101104 (base 5) to base 2.
-110011001111
442 (base 11) to base 10
530
Convert 12384 (base 10) to base 2.
11000001100000
12012212 (base 3) to base 4
323123
Convert 733b (base 12) to base 2.
11000100011111
-3588 (base 16) to base 10
-13704
What is -9431 (base 14) in base 2?
-110001110110011
What is 20ee (base 15) in base 2?
1101100111110
What is c7 (base 15) in base 7?
355
3bc (base 14) to base 11
626
-2220022 (base 3) to base 2
-100001000010
-224 (base 13) to base 5
-2433
Convert 2dd9 (base 16) to base 10.
11737
Convert 21301 (base 6) to base 11.
2212
-31201 (base 5) to base 11
-15a5
Convert -33a (base 15) to base 3.
-1000001
What is 6524 (base 8) in base 4?
311110
-1304 (base 12) to base 11
-1698
What is 1002 (base 6) in base 5?
1333
27a3 (base 16) to base 9
14824
What is 865b (base 15) in base 10?
28436
Convert -211 (base 5) to base 6.
-132
2183 (base 9) to base 15
729
-1e62 (base 16) to base 7
-31451
What is -405503 (base 6) in base 8?
-77157
What is a2a (base 16) in base 12?
160a
What is -21021 (base 4) in base 3?
-210200
What is -1340542 (base 6) in base 11?
-516a2
-11100001 (base 2) to base 4
-3201
-14e (base 16) to base 3
-110101
What is 2994c (base 13) in base 10?
78480
-111010001010010 (base 2) to base 8
-72122
1062 (base 7) to base 9
470
4bd (base 15) to base 6
4554
-15a (base 16) to base 11
-295
Convert 11112 (base 4) to base 11.
291
What is 14343 (base 8) in base 2?
1100011100011
Convert -1411333 (base 5) to base 10.
-28968
Convert 11041 (base 5) to base 13.
474
Convert 10000010011011 (base 2) to base 14.
3083
Convert 16df (base 16) to base 14.
21c3
366 (base 15) to base 5
11041
22232 (base 4) to base 2
1010101110
7c38 (base 16) to base 6
403120
61714 (base 9) to base 2
1001111011100011
What is -101433 (base 6) in base 3?
-102012010
Convert -7408 (base 12) to base 3.
-122101122
What is -3825 (base 12) in base 16?
-18dd
-4936 (base 12) to base 7
-33024
-7 (base 15) to base 13
-7
-ac (base 13) to base 3
-12021
What is -1b6a (base 15) in base 3?
-22011101
What is 23001 (base 6) in base 7?
12310
What is 23401 (base 5) in base 14?
8b4
What is 47a (base 15) in base 13?
601
What is 22010132 (base 4) in base 14?
11062
1011102101 (base 3) to base 2
101100101111010
ddba (base 16) to base 9
85768
-39a (base 12) to base 16
-226
13542 (base 6) to base 5
32100
What is c3 (base 16) in base 14?
dd
108 (base 9) to base 14
65
What is -317 (base 12) in base 13?
-289
What is -16168 (base 13) in base 4?
-22100032
14013 (base 9) to base 2
10010100010001
-302 (base 10) to base 12
-212
Convert 1101011000011111 (base 2) to base 4.
31120133
Convert 465 (base 8) to base 14.
181
-1241 (base 5) to base 16
-c4
What is 100134 (base 9) in base 7?
334324
20b (base 13) to base 16
15d
Convert -4e6 (base 15) to base 2.
-10001011100
Convert -24025 (base 8) to base 12.
-5b31
3442044 (base 5) to base 13
22399
Convert -10056 (base 7) to base 5.
-34232
Convert 121 (base 3) to base 5.
31
What is 267 (base 9) in base 15?
ed
10100010111 (base 2) to base 16
517
-2202202 (base 3) to base 12
-1202
What is -1112201111 (base 3) in base 10?
-30415
-16098 (base 10) to base 6
-202310
-2758 (base 11) to base 12
-2098
51403 (base 6) to base 8
15273
What is -110111010 (base 2) in base 12?
-30a
660 (base 7) to base 13
1cb
What is 2664 (base 14) in base 2?
1101001100000
What is 2589 (base 10) in base 5?
40324
22012 (base 5) to base 13
8bc
What is 1b9 (base 14) in base 2?
101100111
What is -311232 (base 4) in base 10?
-3438
What is 52724 (base 8) in base 10?
21972
Convert -304566 (base 7) to base 14.
-14da6
1120113 (base 4) to base 2
1011000010111
Convert -72a4 (base 12) to base 10.
-12508
-309 (base 12) to base 14
-237
Convert 253500 (base 7) to base 16.
b72d
Convert -3735 (base 12) to base 3.
-22112212
-10120100021 (base 3) to base 10
-70234
-111010201 (base 3) to base 15
-2c87
Convert -12 (base 10) to base 3.
-110
220 (base 11) to base 8
410
Convert 11241 (base 6) to base 11.
1233
What is 773 (base 12) in base 6?
5023
Convert 519 (base 16) to base 5.
20210
Convert -a3ac (base 16) to base 12.
-202b8
Convert -1915 (base 12) to base 14.
-1173
-1011000001100011 (base 2) to base 5
-2421110
What is 1393 (base 10) in base 3?
1220121
-e4c (base 15) to base 6
-22530
-841 (base 9) to base 15
-30a
-c7 (base 16) to base 15
-d4
Convert 2112300 (base 5) to base 16.
89fd
Convert 1303 (base 4) to base 15.
7a
Convert 21005 (base 7) to base 14.
1c3c
10221102 (base 3) to base 8
5471
What is -320440 (base 5) in base 6?
-121425
What is -17083 (base 13) in base 10?
-44047
Convert 10612 (base 9) to base 12.
4102
Convert -2a0 (base 16) to base 15.
-2ec
What is